*p, -4*v + 3*p + 26819 = 0. What are the prime factors of v?
19, 353
Let b(o) = 12*o. Let c be b(-1). Let m be c*(5 + (-33)/6). Suppose 3*z + m*z = 396. What are the prime factors of z?
2, 11
Let s be (5/9 + (-15)/(-135))*3. Suppose 0 = -3*c - 4*j + 2622, -s*c - 4*j - 647 + 2391 = 0. List the prime factors of c.
2, 439
Suppose -2*k + 4 = 0, 0 = -15*r + 12*r - 2*k + 1357. Let o = 641 - r. List the prime factors of o.
2, 5, 19
Suppose 261*n - 74*n = 11543884. What are the prime factors of n?
2, 11, 23, 61
What are the prime factors of (-11626594)/(-399) - (((-3)/1)/(-9) + 0)?
3, 11, 883
Suppose -28018 = -2*t - 4*l, l + 22479 + 47632 = 5*t. What are the prime factors of t?
7, 2003
Suppose 4*m - 5*t = 1019, -m - 5*t - 54 + 315 = 0. Let g = -1412 + 1414. Suppose f + 4*q - g = 62, -4*f = -2*q - m. What are the prime factors of f?
2
Suppose -6*x - 200 = -218. Suppose -4*v + 1328 = 3*m, -x = -5*m - 23. What are the prime factors of v?
5, 67
Suppose -3*n = -5*r - 75538, -4*n + 4*r = 8*r - 100792. What are the prime factors of n?
3, 311
Let w(n) = -n - 4. Suppose -5*a = 40 - 10. Let y be w(a). Suppose -y*f + 122 = -66. List the prime factors of f.
2, 47
Let i = 433 - 754. Let y = -40 - i. List the prime factors of y.
281
Let b be (-9 + -2)*(2 - 1). Let i(n) = 3*n**2 + 4*n + 68. List the prime factors of i(b).
3, 43
Let h(i) = -8*i**3 - i**2 + 38*i - 42. What are the prime factors of h(-9)?
3, 1789
Let b = -30450 - -56974. List the prime factors of b.
2, 19, 349
What are the prime factors of 87325/14*(4 - 2)?
5, 499
Let k be (9/(-6))/(-3)*-2*-8. Let h(g) = -3*g + 26. Let l be h(k). Suppose 3*t + l*a - 77 = -0*a, t - 34 = a. List the prime factors of t.
29
Suppose -h = 16 - 18. Suppose 5*i - 19 = 3*u - h*u, 2*u + 2*i = 10. Suppose -q - 3*f + u + 24 = 0, 3*q = f + 95. List the prime factors of q.
31
Suppose 34*d - 22*d = 240. Suppose -21*x + 174 = -d*x. List the prime factors of x.
2, 3, 29
Let p(o) = 713*o - 11. Let v(q) = -356*q + 5. Let l(x) = 6*p(x) + 11*v(x). What are the prime factors of l(1)?
3, 13
Let i be 60/(2*(-2 - -3)). Suppose i*m - 464 = 29*m. List the prime factors of m.
2, 29
Suppose 86 = -13*g + 294. Let w be (882/12)/(6/g). Suppose 2*d - 6*d + w = 0. What are the prime factors of d?
7
Let c = 7826 - -6353. List the prime factors of c.
11, 1289
Let o(p) = -p**2 + 16*p + 12. Let y be o(16). Suppose -2*i + y = 6. Suppose -337 + 14 = -5*s + i*k, 0 = 5*s - 5*k - 325. List the prime factors of s.
2
Let u be (-4 - -1)/(9/(-74370)). Suppose 0 = 44*c - 19650 - u. What are the prime factors of c?
2, 5, 101
Suppose -2*n - 52 = -5*z, -2*n - 12 + 40 = 3*z. Let s(g) = -g**3 + 14*g**2 - 13*g + 7. What are the prime factors of s(z)?
277
Let q = 6907 - -17285. What are the prime factors of q?
2, 3, 7
Let f be 6/24 - (-3375)/20. Suppose -v + 4*l + 16 = 0, -4*v + l = -0*l - 4. Suppose v = -7*t + f + 244. What are the prime factors of t?
59
Suppose -4*w - 4*v + 10 = -2, 3*w - 5*v - 25 = 0. Suppose -m - 496 = -5*t, -4*t + w*m = m - 384. Let g = -55 + t. List the prime factors of g.
3, 5
Let q be -37 + 5 + 1 + -4. List the prime factors of ((-4910)/25)/(14/q).
491
Let c(b) = 63*b**2 - 11*b - 88 + 18*b + 25. What are the prime factors of c(5)?
7, 13, 17
Let o = -218 - -224. Suppose -5*u = -o*u + 306. List the prime factors of u.
2, 3, 17
Let a be (-1 - (1 - 0)) + 4. Suppose -a*v + 5*g + 198 = 0, 3*v + 3*g = 164 + 91. Suppose -o = -2*i - 77, -2*i = o - i - v. What are the prime factors of o?
5, 17
Let t(b) = 3*b**3 - 9*b**2 + 23*b - 40. Let o be t(17). Suppose 37*p = 14*p + o. List the prime factors of p.
3, 181
List the prime factors of (-4*(-4)/16 - 123)/(24/(-1116)).
3, 31, 61
Suppose -985673 - 1030309 = 40*g - 151*g. List the prime factors of g.
2, 3, 1009
Let g = 235 - 48. Suppose -3*a = -3*l - 3705, 5*a + 0*a = 2*l + 6166. Suppose -2*u + 301 + g = 2*m, -a = -5*u - m. What are the prime factors of u?
13, 19
Let h = 16 - 33. Let x = h - -17. Suppose 0*v + 2*v - 138 = x. List the prime factors of v.
3, 23
Let f be 280 + -26 + -2 + 5 + -2. Let q = f - 58. List the prime factors of q.
197
Suppose 9*t - 32 - 31 = 0. Suppose 534 = 2*l - 2*z, 2*l - 534 = 5*z - t*z. Suppose -l - 203 = -2*q. List the prime factors of q.
5, 47
Let h be (-14 - -136) + 2 + -5. Suppose -2*s + 371 = 3*q, 10*q - 9*q - 4*s - h = 0. List the prime factors of q.
3, 41
Suppose -103*d + 828418 - 764755 + 1658909 = 0. What are the prime factors of d?
2, 37, 113
Let m(q) = q**3 - 10*q - 4. Let s be m(9). Let d be 904*(11 - 12)/(2*-1). Let v = s - d. What are the prime factors of v?
3, 61
Suppose 18 = 3*x + d + 2, 0 = -x - 4*d + 9. Suppose x*h = -2*q + 1946, -772 = -2*h - 4*q - 0*q. What are the prime factors of h?
2, 3, 5, 13
Suppose 0*p - 748 = 4*p. Suppose 4*c = 12*c + 992. Let w = c - p. List the prime factors of w.
3, 7
Let i be 2/1*(-11)/(-22). Let x(n) = 361*n**3 - n**2 - 4*n + 5. List the prime factors of x(i).
19
Let f = -36 + 76. Let g = f - 36. List the prime factors of (0 - 14)*(330/g)/(-5).
3, 7, 11
Let s = -88 + 90. Suppose -4*o = m - 90 - 157, -m + 235 = -s*o. What are the prime factors of m?
239
Suppose f + 29*w = 33*w + 10319, -20625 = -2*f - 5*w. What are the prime factors of f?
5, 2063
What are the prime factors of (-19)/(38/28) + 8 + 155?
149
Let v(n) = 6*n**2 + 2*n - 6. Let m(j) = j**2 - j + 4. Let z be m(0). Let y be 9*(z + 13/(-3)). List the prime factors of v(y).
2, 3, 7
List the prime factors of (-268)/2*11/(33/(-141)).
2, 47, 67
Suppose 223*f - 34238 = 220*f + 4*r, 3*r + 34236 = 3*f. What are the prime factors of f?
2, 5, 7, 163
Let n(a) = 2*a**2 + 36*a - 32. Let p be n(30). What are the prime factors of (-10)/(-30) - (-1 + p/(-6))?
2, 7, 17
Suppose -3*g - 1665 = -3*c, g + 3*c + 40 = -535. List the prime factors of g/(-42)*(176/10 + -2).
2, 13
Let m be 8 + -21 + 6 - -12. Let h(v) = 11*v**2 + 7*v - 67. Let o(c) = 5*c**2 + 3*c - 33. Let g(b) = -2*h(b) + 5*o(b). List the prime factors of g(m).
7
Let k = -25123 + 100145. What are the prime factors of k?
2, 37511
Let c(a) = 139*a + 91. Let n(f) = 415*f + 272. Let s(m) = 7*c(m) - 2*n(m). List the prime factors of s(10).
1523
Let x be 3*1/3 + 257. Let s = 149 + x. What are the prime factors of s?
11, 37
Let k = 28 - 6. Let m(s) = -s**3 + k*s**2 + 4*s**3 + 6*s - 4*s**3 - 28. List the prime factors of m(22).
2, 13
List the prime factors of -23 + 3 - -10 - -26825.
5, 31, 173
Let i(z) = 3*z - 84 + 156 - 2*z**2 + 2*z. List the prime factors of i(0).
2, 3
Let v(k) = 285*k**3 - 50*k**2 + 126*k - 13. List the prime factors of v(6).
17, 3559
Suppose -54 - 84 = 3*c. Let d = -48 - c. List the prime factors of -2 + (5 + d)/(2/94).
139
Let a(w) = w**3 + 18*w**2 + 33. Suppose 19 = 4*g + 71. What are the prime factors of a(g)?
2, 439
Let t(g) = -g**3 - 9*g**2 - 9*g + 17. Let j be t(-13). Let w = j - 495. What are the prime factors of w?
3, 5, 7
Let j = 138 - 116. Suppose 0 = -7*g + 132 + j. List the prime factors of g.
2, 11
Let s(m) = -355*m + 2. Let b(d) = -d**3 + 20*d**2 - 19*d - 1. Let k be b(19). What are the prime factors of s(k)?
3, 7, 17
Let c = 130 - 108. List the prime factors of -3 - (-3*c + 0).
3, 7
Suppose 3*n + 9 = 0, -52*c - 59 = -54*c + 5*n. Let t(z) = -4*z**2 + 137*z + 46. List the prime factors of t(c).
2, 281
Let y be 1 - -2 - (52 + -3). Let f = y - -45. What are the prime factors of (8 - f)*((-120)/(-18) + -6)?
2, 3
Suppose -12*k = -49421 - 50419. List the prime factors of k/100 + (-4)/(-5).
2, 3, 7
Let r(u) = 422*u - 1045. List the prime factors of r(22).
7, 11, 107
Suppose 46668 - 126889 - 112335 = -28*v. What are the prime factors of v?
13, 23
Let k be 4 + 4/(-6)*6/(-4). Let j(b) = 3*b**2 + 10*b - 15. What are the prime factors of j(k)?
2, 5, 11
Suppose -20885 = -5*j - 2*d, 14*j + d + 16708 = 18*j. Suppose -j - 16437 = -11*t. List the prime factors of t.
2, 937
Suppose -9 = 4*s - 41. Let a = 18 - s. Suppose -a*g - 372 = -14*g. List the prime factors of g.
3, 31
Let p(l) = 302*l**2 - 20*l + 44. Let f = 529 + -527. What are the prime factors of p(f)?
2, 3, 101
Suppose 2713 = 11*p - 323. Suppose 4*n = p + 4980. Suppose 5*c = n - 294. List the prime factors of c.
2, 3, 17
Let z(w) = -2*w**3 - 43*w**2 + 32*w - 9. Suppose -2*u - 3*c - 42 = -c, -77 = 3*u - 4*c. List the prime factors of z(u).
2, 421
Let b = -94 - -93. Lis